{"id":382,"date":"2025-12-26T12:10:29","date_gmt":"2025-12-26T11:10:29","guid":{"rendered":"https:\/\/pocenispletnestrani.si\/thermostar\/?page_id=382"},"modified":"2026-01-07T22:07:28","modified_gmt":"2026-01-07T21:07:28","slug":"dodatki","status":"publish","type":"page","link":"https:\/\/pocenispletnestrani.si\/thermostar\/dodatki\/","title":{"rendered":"Dodatki"},"content":{"rendered":"\n<div style=\"height:120px\" aria-hidden=\"true\" class=\"wp-block-spacer\"><\/div>\n\n\n\n<h2 class=\"wp-block-heading has-text-align-center\"><strong><mark style=\"background-color:rgba(0, 0, 0, 0)\" class=\"has-inline-color has-accent-color\">Dodatki<\/mark><\/strong><\/h2>\n\n\n\n<div style=\"height:70px\" aria-hidden=\"true\" class=\"wp-block-spacer\"><\/div>\n\n\n\n<div class=\"wp-block-columns is-layout-flex wp-container-core-columns-is-layout-9d6595d7 wp-block-columns-is-layout-flex\">\n<div class=\"wp-block-column is-layout-flow wp-block-column-is-layout-flow\"><\/div>\n\n\n\n<div class=\"wp-block-column is-layout-flow wp-block-column-is-layout-flow\">\n<p class=\"has-text-align-left\" style=\"font-size:24px\">Za \u010di\u0161\u010denje s parnim \u010distilcem <strong><mark style=\"background-color:rgba(0, 0, 0, 0)\" class=\"has-inline-color has-accent-color\">Thermostar<\/mark><\/strong> potrebujete le vodo in na\u0161e patentirane visoko vpojne krpe iz mikrovlaken.<\/p>\n\n\n\n<p class=\"has-text-align-left\" style=\"font-size:24px\">Mikrokrpe med \u010di\u0161\u010denjem nase ve\u017eejo vso umazanijo in je ne vra\u010dajo, po kon\u010danem \u010di\u0161\u010denju pa se jih enostavno opere v pralnem stroju na 90\u00b0 stopinj, brez meh\u010dalca.<\/p>\n\n\n\n<p class=\"has-text-align-left\" style=\"font-size:24px\">Parnemu \u010distilcu pa je mogo\u010de glede na va\u0161e potrebe dokupiti tudi dodatno opremo; inhalator, likalnik, likalno mizo, mop za pomivanje ve\u010djih povr\u0161in&#8230;<\/p>\n\n\n\n<div style=\"height:70px\" aria-hidden=\"true\" class=\"wp-block-spacer\"><\/div>\n\n\n\n<div class=\"wp-block-uagb-buttons uagb-buttons__outer-wrap uagb-btn__default-btn uagb-btn-tablet__default-btn uagb-btn-mobile__default-btn uagb-block-f690c633\"><div class=\"uagb-buttons__wrap uagb-buttons-layout-wrap \">\n<div class=\"wp-block-uagb-buttons-child uagb-buttons__outer-wrap uagb-block-83aeb370 wp-block-button\"><div class=\"uagb-button__wrapper\"><a class=\"uagb-buttons-repeater wp-block-button__link\" aria-label=\"\" href=\"https:\/\/pocenispletnestrani.si\/thermostar\/trgovina\/\" rel=\"follow noopener\" target=\"_self\" role=\"button\"><div class=\"uagb-button__link\">Trgovina -><\/div><\/a><\/div><\/div>\n<\/div><\/div>\n\n\n\n<div style=\"height:100px\" aria-hidden=\"true\" class=\"wp-block-spacer\"><\/div>\n\n\n\n<div class=\"wp-block-columns is-layout-flex wp-container-core-columns-is-layout-9d6595d7 wp-block-columns-is-layout-flex\">\n<div class=\"wp-block-column is-layout-flow wp-block-column-is-layout-flow\">\n<div class=\"wp-block-uagb-image uagb-block-e704a623 wp-block-uagb-image--layout-default wp-block-uagb-image--effect-static wp-block-uagb-image--align-none\"><figure class=\"wp-block-uagb-image__figure\"><img decoding=\"async\" srcset=\"https:\/\/pocenispletnestrani.si\/thermostar\/wp-content\/uploads\/2025\/12\/Thermostar-likalnik01.png ,https:\/\/pocenispletnestrani.si\/thermostar\/wp-content\/uploads\/2025\/12\/Thermostar-likalnik01.png 780w, https:\/\/pocenispletnestrani.si\/thermostar\/wp-content\/uploads\/2025\/12\/Thermostar-likalnik01.png 360w\" sizes=\"auto, (max-width: 480px) 150px\" src=\"https:\/\/pocenispletnestrani.si\/thermostar\/wp-content\/uploads\/2025\/12\/Thermostar-likalnik01.png\" alt=\"\" class=\"uag-image-410\" width=\"498\" height=\"332\" title=\"Thermostar-likalnik01\" loading=\"lazy\" role=\"img\"\/><\/figure><\/div>\n<\/div>\n\n\n\n<div class=\"wp-block-column is-layout-flow wp-block-column-is-layout-flow\">\n<div class=\"wp-block-uagb-image uagb-block-aee69ced wp-block-uagb-image--layout-default wp-block-uagb-image--effect-static wp-block-uagb-image--align-none\"><figure class=\"wp-block-uagb-image__figure\"><img decoding=\"async\" srcset=\"https:\/\/pocenispletnestrani.si\/thermostar\/wp-content\/uploads\/2025\/12\/Thermostar-krpice01.png ,https:\/\/pocenispletnestrani.si\/thermostar\/wp-content\/uploads\/2025\/12\/Thermostar-krpice01.png 780w, https:\/\/pocenispletnestrani.si\/thermostar\/wp-content\/uploads\/2025\/12\/Thermostar-krpice01.png 360w\" sizes=\"auto, (max-width: 480px) 150px\" src=\"https:\/\/pocenispletnestrani.si\/thermostar\/wp-content\/uploads\/2025\/12\/Thermostar-krpice01.png\" alt=\"\" class=\"uag-image-409\" width=\"475\" height=\"317\" title=\"Thermostar-krpice01\" loading=\"lazy\" role=\"img\"\/><\/figure><\/div>\n<\/div>\n<\/div>\n\n\n\n<div style=\"height:70px\" aria-hidden=\"true\" class=\"wp-block-spacer\"><\/div>\n\n\n\n<p class=\"has-text-align-left\" style=\"font-size:24px\">\u010ceprav pri vseh modelih \u017ee standardna oprema vklju\u010duje vse nastavke, ki jih potrebujete za vsakodnevno \u010di\u0161\u010denje, <strong><mark style=\"background-color:rgba(0, 0, 0, 0)\" class=\"has-inline-color has-accent-color\">Thermostar<\/mark><\/strong> navdu\u0161uje tudi z obse\u017eno izbiro dodatne opreme.<\/p>\n\n\n\n<p class=\"has-text-align-left\" style=\"font-size:24px\">To je mogo\u010de kadarkoli glede na potrebe tudi dokupiti;<br>inhalator, likalnik, likalno mizo, mop za pomivanje ve\u010djih povr\u0161in ali pa vozi\u010dek\u2026<\/p>\n\n\n\n<div style=\"height:70px\" aria-hidden=\"true\" class=\"wp-block-spacer\"><\/div>\n\n\n\n<div class=\"wp-block-uagb-image uagb-block-0922ad1e wp-block-uagb-image--layout-default wp-block-uagb-image--effect-static wp-block-uagb-image--align-none\"><figure class=\"wp-block-uagb-image__figure\"><img decoding=\"async\" srcset=\"https:\/\/pocenispletnestrani.si\/thermostar\/wp-content\/uploads\/2025\/12\/Untitled-design-22.jpg ,https:\/\/pocenispletnestrani.si\/thermostar\/wp-content\/uploads\/2025\/12\/Untitled-design-22.jpg 780w, https:\/\/pocenispletnestrani.si\/thermostar\/wp-content\/uploads\/2025\/12\/Untitled-design-22.jpg 360w\" sizes=\"auto, (max-width: 480px) 150px\" src=\"https:\/\/pocenispletnestrani.si\/thermostar\/wp-content\/uploads\/2025\/12\/Untitled-design-22.jpg\" alt=\"\" class=\"uag-image-412\" width=\"646\" height=\"323\" title=\"Thermostar_dodatki\" loading=\"lazy\" role=\"img\"\/><\/figure><\/div>\n\n\n\n<div style=\"height:70px\" aria-hidden=\"true\" class=\"wp-block-spacer\"><\/div>\n\n\n\n<p class=\"has-text-align-center\" style=\"font-size:32px\"><strong>Potrebujete pomo\u010d?<\/strong><\/p>\n\n\n\n<p class=\"has-text-align-center\" style=\"font-size:24px\">Ni\u010d la\u017ejega! Na\u0161i svetovalci vam bodo z veseljem pomagali izbrati dodatno opremo, ki bo najbolje ustrezala va\u0161im \u017eeljam in potrebam!<\/p>\n\n\n\n<div style=\"height:60px\" aria-hidden=\"true\" class=\"wp-block-spacer\"><\/div>\n\n\n\n<div class=\"wp-block-uagb-icon-list uagb-block-e2c4e45a\"><div class=\"uagb-icon-list__wrap\">\n<div class=\"wp-block-uagb-icon-list-child uagb-block-ab25881d\"><span class=\"uagb-icon-list__source-wrap\"><svg xmlns=\"https:\/\/www.w3.org\/2000\/svg\" viewBox=\"0 0 512 512\"><path d=\"M511.2 387l-23.25 100.8c-3.266 14.25-15.79 24.22-30.46 24.22C205.2 512 0 306.8 0 54.5c0-14.66 9.969-27.2 24.22-30.45l100.8-23.25C139.7-2.602 154.7 5.018 160.8 18.92l46.52 108.5c5.438 12.78 1.77 27.67-8.98 36.45L144.5 207.1c33.98 69.22 90.26 125.5 159.5 159.5l44.08-53.8c8.688-10.78 23.69-14.51 36.47-8.975l108.5 46.51C506.1 357.2 514.6 372.4 511.2 387z\"><\/path><\/svg><\/span><span class=\"uagb-icon-list__label\"><strong>040\/350-818<\/strong><\/span><\/div>\n\n\n\n<div class=\"wp-block-uagb-icon-list-child uagb-block-218d0c3c\"><span class=\"uagb-icon-list__source-wrap\"><svg xmlns=\"https:\/\/www.w3.org\/2000\/svg\" viewBox=\"0 0 512 512\"><path d=\"M464 64C490.5 64 512 85.49 512 112C512 127.1 504.9 141.3 492.8 150.4L275.2 313.6C263.8 322.1 248.2 322.1 236.8 313.6L19.2 150.4C7.113 141.3 0 127.1 0 112C0 85.49 21.49 64 48 64H464zM217.6 339.2C240.4 356.3 271.6 356.3 294.4 339.2L512 176V384C512 419.3 483.3 448 448 448H64C28.65 448 0 419.3 0 384V176L217.6 339.2z\"><\/path><\/svg><\/span><span class=\"uagb-icon-list__label\"><strong>auradent@gmail.com<\/strong><\/span><\/div>\n<\/div><\/div>\n\n\n\n<div style=\"height:60px\" aria-hidden=\"true\" class=\"wp-block-spacer\"><\/div>\n<\/div>\n\n\n\n<div class=\"wp-block-column is-layout-flow wp-block-column-is-layout-flow\"><\/div>\n<\/div>\n\n\n\n<div class=\"wp-block-uagb-container uagb-block-019efa9b alignfull uagb-is-root-container\"><div class=\"uagb-container-inner-blocks-wrap\">\n<div style=\"height:60px\" aria-hidden=\"true\" class=\"wp-block-spacer\"><\/div>\n\n\n\n<h2 class=\"wp-block-heading has-text-align-center\" id=\"likanje\"><strong><mark style=\"background-color:rgba(0, 0, 0, 0)\" class=\"has-inline-color has-accent-color\">Likanje<\/mark><\/strong><\/h2>\n\n\n\n<div style=\"height:50px\" aria-hidden=\"true\" class=\"wp-block-spacer\"><\/div>\n\n\n\n<p class=\"has-text-align-left\" style=\"font-size:24px\">Vsi, ki vas doma \u010dakajo kupi nezlikanega perila, za likanje pa vam pri \u0161tevilnih vsakodnevnih obveznostih enostavno zmanjkuje \u010dasa, imamo re\u0161itev za vas.<\/p>\n\n\n\n<p class=\"has-text-align-left\" style=\"font-size:24px\">Profesionalni parni likalnik, ki ga enostavno priklju\u010dite svojemu parnemu \u010distilcu <strong><mark style=\"background-color:rgba(0, 0, 0, 0)\" class=\"has-inline-color has-accent-color\">Thermostar<\/mark><\/strong>.<\/p>\n\n\n\n<p class=\"has-text-align-left\" style=\"font-size:24px\">Z njegovo uporabo boste likali hitro in u\u010dinkovito, ter z lahkoto odstranili vse gube, odpravi neprijetne vonjave in osve\u017eili obla\u010dila.<\/p>\n\n\n\n<p class=\"has-text-align-left\" style=\"font-size:24px\">Pri likanju bolj ob\u010dutljivih obla\u010dil, pa priporo\u010damo uporabo podlage iz teflona. Glede na va\u0161e potrebe lahko dokupite tudi likalno postajo z ogrevano povr\u0161ino, ter funkcijo vsesavanja in izpihovanja.<\/p>\n\n\n\n<p class=\"has-text-align-center\" style=\"font-size:24px\"><strong>Kajti le s pravim orodjem lahko dose\u017eete izjemne rezultate!<\/strong><\/p>\n\n\n\n<div style=\"height:60px\" aria-hidden=\"true\" class=\"wp-block-spacer\"><\/div>\n\n\n\n<div class=\"wp-block-uagb-image aligncenter uagb-block-f9ec5d05 wp-block-uagb-image--layout-default wp-block-uagb-image--effect-static wp-block-uagb-image--align-center\"><figure class=\"wp-block-uagb-image__figure\"><img decoding=\"async\" srcset=\"https:\/\/pocenispletnestrani.si\/thermostar\/wp-content\/uploads\/2025\/12\/Thermostar_likanje.jpg ,https:\/\/pocenispletnestrani.si\/thermostar\/wp-content\/uploads\/2025\/12\/Thermostar_likanje.jpg 780w, https:\/\/pocenispletnestrani.si\/thermostar\/wp-content\/uploads\/2025\/12\/Thermostar_likanje.jpg 360w\" sizes=\"auto, (max-width: 480px) 150px\" src=\"https:\/\/pocenispletnestrani.si\/thermostar\/wp-content\/uploads\/2025\/12\/Thermostar_likanje.jpg\" alt=\"\" class=\"uag-image-414\" width=\"1135\" height=\"639\" title=\"Thermostar_likanje\" loading=\"lazy\" role=\"img\"\/><\/figure><\/div>\n\n\n\n<div style=\"height:60px\" aria-hidden=\"true\" class=\"wp-block-spacer\"><\/div>\n<\/div><\/div>\n\n\n\n<div class=\"wp-block-uagb-container uagb-block-07c383ca alignfull uagb-is-root-container\"><div class=\"uagb-container-inner-blocks-wrap\">\n<div style=\"height:50px\" aria-hidden=\"true\" class=\"wp-block-spacer\"><\/div>\n\n\n\n<h2 class=\"wp-block-heading has-text-align-center\"><strong>Aplikacija&nbsp;<mark style=\"background-color:rgba(0, 0, 0, 0)\" class=\"has-inline-color has-accent-color\">Thermostar<\/mark><\/strong><\/h2>\n\n\n\n<div style=\"height:50px\" aria-hidden=\"true\" class=\"wp-block-spacer\"><\/div>\n\n\n\n<div class=\"wp-block-columns is-layout-flex wp-container-core-columns-is-layout-9d6595d7 wp-block-columns-is-layout-flex\">\n<div class=\"wp-block-column is-layout-flow wp-block-column-is-layout-flow\">\n<div class=\"wp-block-uagb-image uagb-block-db266497 wp-block-uagb-image--layout-default wp-block-uagb-image--effect-static wp-block-uagb-image--align-none\"><figure class=\"wp-block-uagb-image__figure\"><img decoding=\"async\" srcset=\"https:\/\/pocenispletnestrani.si\/thermostar\/wp-content\/uploads\/2026\/01\/777.jpg ,https:\/\/pocenispletnestrani.si\/thermostar\/wp-content\/uploads\/2026\/01\/777.jpg 780w, https:\/\/pocenispletnestrani.si\/thermostar\/wp-content\/uploads\/2026\/01\/777.jpg 360w\" sizes=\"auto, (max-width: 480px) 150px\" src=\"https:\/\/pocenispletnestrani.si\/thermostar\/wp-content\/uploads\/2026\/01\/777.jpg\" alt=\"\" class=\"uag-image-683\" width=\"2657\" height=\"1772\" title=\"Thermostar_app\" loading=\"lazy\" role=\"img\"\/><\/figure><\/div>\n<\/div>\n\n\n\n<div class=\"wp-block-column is-layout-flow wp-block-column-is-layout-flow\">\n<p style=\"font-size:22px\">Niste prepri\u010dani kako bi se najbolje lotili \u010di\u0161\u010denja \u2026ali kako pravilno uporabiti dolo\u010den nastavek?<\/p>\n\n\n\n<p style=\"font-size:22px\">Ni\u010d la\u017ejega \u2013 v aplikaciji preprosto odprite ustrezne ikone in si oglejte predstavitvene videoposnetke, ki vam bodo v pomo\u010d z nasveti, ter triki za enostavno vsakodnevno uporabo.<\/p>\n\n\n\n<p style=\"font-size:22px\">Prikazano je tudi kako pravilno dolivati vodo, ter redno \u010distiti vodni kamen, da bo va\u0161 parni \u010distilec \u0161e dolgo deloval brezhibno.<\/p>\n<\/div>\n<\/div>\n\n\n\n<div style=\"height:50px\" aria-hidden=\"true\" class=\"wp-block-spacer\"><\/div>\n\n\n\n<p class=\"has-text-align-center\" style=\"font-size:26px\"><strong>Enostavno kliknite na povezavo in si prenesite aplikacijo na svojo telefon.<\/strong><\/p>\n\n\n\n<div style=\"height:50px\" aria-hidden=\"true\" class=\"wp-block-spacer\"><\/div>\n\n\n\n<div class=\"wp-block-uagb-buttons uagb-buttons__outer-wrap uagb-btn__default-btn uagb-btn-tablet__default-btn uagb-btn-mobile__default-btn uagb-block-0135a1cd\"><div class=\"uagb-buttons__wrap uagb-buttons-layout-wrap \">\n<div class=\"wp-block-uagb-buttons-child uagb-buttons__outer-wrap uagb-block-e19a2b8c wp-block-button\"><div class=\"uagb-button__wrapper\"><a class=\"uagb-buttons-repeater wp-block-button__link\" aria-label=\"\" href=\"https:\/\/thermostar.info\/app\/#\/uses\" rel=\"follow noopener\" target=\"_blank\" role=\"button\"><div class=\"uagb-button__link\">Prenesi aplikacijo -> <\/div><\/a><\/div><\/div>\n<\/div><\/div>\n\n\n\n<div style=\"height:50px\" aria-hidden=\"true\" class=\"wp-block-spacer\"><\/div>\n<\/div><\/div>\n\n\n\n<div style=\"height:120px\" aria-hidden=\"true\" class=\"wp-block-spacer\"><\/div>\n\n\n\n<div class=\"wp-block-uagb-icon-list uagb-block-2119963e\"><div class=\"uagb-icon-list__wrap\">\n<div class=\"wp-block-uagb-icon-list-child uagb-block-e700b0a8\"><span class=\"uagb-icon-list__source-wrap\"><svg xmlns=\"https:\/\/www.w3.org\/2000\/svg\" viewBox=\"0 0 512 512\"><path d=\"M511.2 387l-23.25 100.8c-3.266 14.25-15.79 24.22-30.46 24.22C205.2 512 0 306.8 0 54.5c0-14.66 9.969-27.2 24.22-30.45l100.8-23.25C139.7-2.602 154.7 5.018 160.8 18.92l46.52 108.5c5.438 12.78 1.77 27.67-8.98 36.45L144.5 207.1c33.98 69.22 90.26 125.5 159.5 159.5l44.08-53.8c8.688-10.78 23.69-14.51 36.47-8.975l108.5 46.51C506.1 357.2 514.6 372.4 511.2 387z\"><\/path><\/svg><\/span><span class=\"uagb-icon-list__label\"><strong>040\/350-818<\/strong><\/span><\/div>\n\n\n\n<div class=\"wp-block-uagb-icon-list-child uagb-block-bedc35fd\"><span class=\"uagb-icon-list__source-wrap\"><svg xmlns=\"https:\/\/www.w3.org\/2000\/svg\" viewBox=\"0 0 512 512\"><path d=\"M464 64C490.5 64 512 85.49 512 112C512 127.1 504.9 141.3 492.8 150.4L275.2 313.6C263.8 322.1 248.2 322.1 236.8 313.6L19.2 150.4C7.113 141.3 0 127.1 0 112C0 85.49 21.49 64 48 64H464zM217.6 339.2C240.4 356.3 271.6 356.3 294.4 339.2L512 176V384C512 419.3 483.3 448 448 448H64C28.65 448 0 419.3 0 384V176L217.6 339.2z\"><\/path><\/svg><\/span><span class=\"uagb-icon-list__label\"><strong>auradent@gmail.com<\/strong><\/span><\/div>\n<\/div><\/div>\n\n\n\n<div style=\"height:120px\" aria-hidden=\"true\" class=\"wp-block-spacer\"><\/div>\n\n\n\n<div class=\"wp-block-uagb-container uagb-block-5d25684b alignfull uagb-is-root-container\"><div class=\"uagb-container-inner-blocks-wrap\">\n<div style=\"height:60px\" aria-hidden=\"true\" class=\"wp-block-spacer\"><\/div>\n\n\n\n<h2 class=\"wp-block-heading has-text-align-center\"><mark style=\"background-color:rgba(0, 0, 0, 0)\" class=\"has-inline-color has-accent-color\"><strong>POGOSTA VPRA\u0160ANJA<\/strong><\/mark><\/h2>\n\n\n\n<div style=\"height:70px\" aria-hidden=\"true\" class=\"wp-block-spacer\"><\/div>\n\n\n<div class=\"wp-block-uagb-faq uagb-faq__outer-wrap uagb-block-65045368 uagb-faq-icon-row uagb-faq-layout-accordion uagb-faq-expand-first-false uagb-faq-inactive-other-true uagb-faq__wrap uagb-buttons-layout-wrap uagb-faq-equal-height     \" data-faqtoggle=\"true\" role=\"tablist\"><div class=\"wp-block-uagb-faq-child uagb-faq-child__outer-wrap uagb-faq-item uagb-block-68961d5d \" role=\"tab\" tabindex=\"0\"><div class=\"uagb-faq-questions-button uagb-faq-questions\">\t\t\t<span class=\"uagb-icon uagb-faq-icon-wrap\">\n\t\t\t\t\t\t\t\t<svg xmlns=\"https:\/\/www.w3.org\/2000\/svg\" viewBox= \"0 0 448 512\"><path d=\"M432 256c0 17.69-14.33 32.01-32 32.01H256v144c0 17.69-14.33 31.99-32 31.99s-32-14.3-32-31.99v-144H48c-17.67 0-32-14.32-32-32.01s14.33-31.99 32-31.99H192v-144c0-17.69 14.33-32.01 32-32.01s32 14.32 32 32.01v144h144C417.7 224 432 238.3 432 256z\"><\/path><\/svg>\n\t\t\t\t\t\t\t<\/span>\n\t\t\t\t\t\t<span class=\"uagb-icon-active uagb-faq-icon-wrap\">\n\t\t\t\t\t\t\t\t<svg xmlns=\"https:\/\/www.w3.org\/2000\/svg\" viewBox= \"0 0 448 512\"><path d=\"M400 288h-352c-17.69 0-32-14.32-32-32.01s14.31-31.99 32-31.99h352c17.69 0 32 14.3 32 31.99S417.7 288 400 288z\"><\/path><\/svg>\n\t\t\t\t\t\t\t<\/span>\n\t\t\t<span class=\"uagb-question\"><strong>KAJ LAHKO O\u010cISTIM S PARNIM \u010cISTILCEM THERMOSTAR?<\/strong><\/span><\/div><div class=\"uagb-faq-content\"><p><strong>Parni \u010distilec Thermostar je tako vsestranski, da so mo\u017enosti uporabe skoraj neskon\u010dne.<\/strong><br>Hitro in enostavno lahko o\u010disti\u0161 tako tla, kot tudi; okna, sen\u010dila, pohi\u0161tvo, tepihe, oblazinjeno pohi\u0161tvo, balkone, terase, nadstre\u0161ke, avtomobile \u00a0ali celo obla\u010dila\u2026hitro, enostavno in \u010disto brez \u010distil.<\/p><\/div><\/div><div class=\"wp-block-uagb-faq-child uagb-faq-child__outer-wrap uagb-faq-item uagb-block-33c74f4a \" role=\"tab\" tabindex=\"0\"><div class=\"uagb-faq-questions-button uagb-faq-questions\">\t\t\t<span class=\"uagb-icon uagb-faq-icon-wrap\">\n\t\t\t\t\t\t\t\t<svg xmlns=\"https:\/\/www.w3.org\/2000\/svg\" viewBox= \"0 0 448 512\"><path d=\"M432 256c0 17.69-14.33 32.01-32 32.01H256v144c0 17.69-14.33 31.99-32 31.99s-32-14.3-32-31.99v-144H48c-17.67 0-32-14.32-32-32.01s14.33-31.99 32-31.99H192v-144c0-17.69 14.33-32.01 32-32.01s32 14.32 32 32.01v144h144C417.7 224 432 238.3 432 256z\"><\/path><\/svg>\n\t\t\t\t\t\t\t<\/span>\n\t\t\t\t\t\t<span class=\"uagb-icon-active uagb-faq-icon-wrap\">\n\t\t\t\t\t\t\t\t<svg xmlns=\"https:\/\/www.w3.org\/2000\/svg\" viewBox= \"0 0 448 512\"><path d=\"M400 288h-352c-17.69 0-32-14.32-32-32.01s14.31-31.99 32-31.99h352c17.69 0 32 14.3 32 31.99S417.7 288 400 288z\"><\/path><\/svg>\n\t\t\t\t\t\t\t<\/span>\n\t\t\t<span class=\"uagb-question\"><strong>KAJ PRAVZAPRAV JE PARNI \u010cISTILEC IN KAKO DELUJE?<\/strong><\/span><\/div><div class=\"uagb-faq-content\"><p>V osnovi gre za elektri\u010dno napravo, ki segreva vodo, ter nato nastalo paro stisne skozi \u0161obo pod pritiskom. Para prodre globoko v pore povr\u0161ine, raztopi \u0161e tako trdovratno umazanijo, ter pusti higiensko \u010disto povr\u0161ino. Prav para in temperatura sta skrivnosti temeljitega \u010di\u0161\u010denja brez uporabe zdravju \u0161kodljivih \u010distil. Visoka temperatura pare uni\u010di do 99,99 % bakterij in klic \u2013 brez kakr\u0161nih koli agresivnih detergentov.<\/p><\/div><\/div><div class=\"wp-block-uagb-faq-child uagb-faq-child__outer-wrap uagb-faq-item uagb-block-e2098d39 \" role=\"tab\" tabindex=\"0\"><div class=\"uagb-faq-questions-button uagb-faq-questions\">\t\t\t<span class=\"uagb-icon uagb-faq-icon-wrap\">\n\t\t\t\t\t\t\t\t<svg xmlns=\"https:\/\/www.w3.org\/2000\/svg\" viewBox= \"0 0 448 512\"><path d=\"M432 256c0 17.69-14.33 32.01-32 32.01H256v144c0 17.69-14.33 31.99-32 31.99s-32-14.3-32-31.99v-144H48c-17.67 0-32-14.32-32-32.01s14.33-31.99 32-31.99H192v-144c0-17.69 14.33-32.01 32-32.01s32 14.32 32 32.01v144h144C417.7 224 432 238.3 432 256z\"><\/path><\/svg>\n\t\t\t\t\t\t\t<\/span>\n\t\t\t\t\t\t<span class=\"uagb-icon-active uagb-faq-icon-wrap\">\n\t\t\t\t\t\t\t\t<svg xmlns=\"https:\/\/www.w3.org\/2000\/svg\" viewBox= \"0 0 448 512\"><path d=\"M400 288h-352c-17.69 0-32-14.32-32-32.01s14.31-31.99 32-31.99h352c17.69 0 32 14.3 32 31.99S417.7 288 400 288z\"><\/path><\/svg>\n\t\t\t\t\t\t\t<\/span>\n\t\t\t<span class=\"uagb-question\"><strong>KATERI PARNI \u010cISTILEC NAJ IZBEREM?<\/strong><\/span><\/div><div class=\"uagb-faq-content\"><p>Pomemben podatek pri nakupu parnega \u010distilca je predvsem \u010das segrevanja, ter tlak pare. Zavedati se je potrebno: \u010dim hitreje je naprava pripravljena za uporabo in \u010dim vi\u0161ji je pritisk, tem u\u010dinkovitej\u0161a je mo\u010d \u010di\u0161\u010denja.<br>Glavna prednost parnega \u010distilca Thermostar, je prav njegov patentirani grelec, ki je kar 4x mo\u010dnej\u0161i od klasi\u010dne grelne \u0161pirale, ter visoko vzdr\u017eljiv kotel iz nerjave\u010dega jekla, kar mu omogo\u010da hitro segrevanje, ter zagotavlja izjemno kvaliteto pare. Pritisk pare ne pada, para pa je konstantna in enako mo\u010dna. Pri ostalih parnih \u010distilcih na tr\u017ei\u0161\u010du, ki imajo navadne grelne \u0161pirale pa pritisk in temperatura hitro padata, tako da para ni konstantna in tudi ni tako suha.<\/p><\/div><\/div><div class=\"wp-block-uagb-faq-child uagb-faq-child__outer-wrap uagb-faq-item uagb-block-e3032135 \" role=\"tab\" tabindex=\"0\"><div class=\"uagb-faq-questions-button uagb-faq-questions\">\t\t\t<span class=\"uagb-icon uagb-faq-icon-wrap\">\n\t\t\t\t\t\t\t\t<svg xmlns=\"https:\/\/www.w3.org\/2000\/svg\" viewBox= \"0 0 448 512\"><path d=\"M432 256c0 17.69-14.33 32.01-32 32.01H256v144c0 17.69-14.33 31.99-32 31.99s-32-14.3-32-31.99v-144H48c-17.67 0-32-14.32-32-32.01s14.33-31.99 32-31.99H192v-144c0-17.69 14.33-32.01 32-32.01s32 14.32 32 32.01v144h144C417.7 224 432 238.3 432 256z\"><\/path><\/svg>\n\t\t\t\t\t\t\t<\/span>\n\t\t\t\t\t\t<span class=\"uagb-icon-active uagb-faq-icon-wrap\">\n\t\t\t\t\t\t\t\t<svg xmlns=\"https:\/\/www.w3.org\/2000\/svg\" viewBox= \"0 0 448 512\"><path d=\"M400 288h-352c-17.69 0-32-14.32-32-32.01s14.31-31.99 32-31.99h352c17.69 0 32 14.3 32 31.99S417.7 288 400 288z\"><\/path><\/svg>\n\t\t\t\t\t\t\t<\/span>\n\t\t\t<span class=\"uagb-question\"><strong>ZA KOGA JE PARNI \u010cISTILEC \u0160E POSEBEJ PRIMEREN?<\/strong><\/span><\/div><div class=\"uagb-faq-content\"><p>Parni \u010distilec Thermostar je idealen za ljudi, ki so ob\u010dutljivi na \u010distila, oziroma imajo kak\u0161ne alergije. Idealen je tudi za dru\u017eine z majhnimi otroci, ter hi\u0161nimi ljubljen\u010dki, saj temeljito odstrani bakterije in klice, brez ostankov agresivnih \u010distil, ki lahko povzro\u010dijo dra\u017eenje in alergije.<br><strong>Parni \u010distilec Thermostar je prava izbira za vsakogar, ki si \u017eeli tako \u010dist in zdrav dom, kot tudi \u017eeli prihraniti denar, \u010das in trud, ter varovati okolje!<\/strong><\/p><\/div><\/div><\/div>\n\n\n<div style=\"height:60px\" aria-hidden=\"true\" class=\"wp-block-spacer\"><\/div>\n<\/div><\/div>\n\n\n\n<iframe src=\"https:\/\/www.google.com\/maps\/embed?pb=!1m18!1m12!1m3!1d2768.4166285208908!2d14.5609898128331!3d46.062733193182986!2m3!1f0!2f0!3f0!3m2!1i1024!2i768!4f13.1!3m3!1m2!1s0x476532168615a8b1%3A0xa35abeee98a1bc98!2sLetali%C5%A1ka%20cesta%2027%2C%201000%20Ljubljana!5e0!3m2!1sen!2ssi!4v1765722414789!5m2!1sen!2ssi\" width=\"100%\" height=\"450\" style=\"border:0;\" allowfullscreen=\"\" loading=\"lazy\" referrerpolicy=\"no-referrer-when-downgrade\"><\/iframe>\n","protected":false},"excerpt":{"rendered":"<p>Dodatki Za \u010di\u0161\u010denje s parnim \u010distilcem Thermostar potrebujete le vodo in na\u0161e patentirane visoko vpojne krpe iz mikrovlaken. Mikrokrpe med \u010di\u0161\u010denjem nase ve\u017eejo vso umazanijo in je ne vra\u010dajo, po kon\u010danem \u010di\u0161\u010denju pa se jih enostavno opere v pralnem stroju na 90\u00b0 stopinj, brez meh\u010dalca. Parnemu \u010distilcu pa je mogo\u010de glede na va\u0161e potrebe dokupiti &#8230; <a title=\"Dodatki\" class=\"read-more\" href=\"https:\/\/pocenispletnestrani.si\/thermostar\/dodatki\/\" aria-label=\"Read more about Dodatki\">Read more<\/a><\/p>\n","protected":false},"author":1,"featured_media":0,"parent":0,"menu_order":0,"comment_status":"closed","ping_status":"closed","template":"","meta":{"_uag_custom_page_level_css":"","footnotes":""},"class_list":["post-382","page","type-page","status-publish"],"uagb_featured_image_src":{"full":false,"thumbnail":false,"medium":false,"medium_large":false,"large":false,"1536x1536":false,"2048x2048":false,"woocommerce_thumbnail":false,"woocommerce_single":false,"woocommerce_gallery_thumbnail":false},"uagb_author_info":{"display_name":"admin","author_link":"https:\/\/pocenispletnestrani.si\/thermostar\/author\/jmesarec\/"},"uagb_comment_info":0,"uagb_excerpt":"Dodatki Za \u010di\u0161\u010denje s parnim \u010distilcem Thermostar potrebujete le vodo in na\u0161e patentirane visoko vpojne krpe iz mikrovlaken. Mikrokrpe med \u010di\u0161\u010denjem nase ve\u017eejo vso umazanijo in je ne vra\u010dajo, po kon\u010danem \u010di\u0161\u010denju pa se jih enostavno opere v pralnem stroju na 90\u00b0 stopinj, brez meh\u010dalca. Parnemu \u010distilcu pa je mogo\u010de glede na va\u0161e potrebe dokupiti&hellip;","_links":{"self":[{"href":"https:\/\/pocenispletnestrani.si\/thermostar\/wp-json\/wp\/v2\/pages\/382","targetHints":{"allow":["GET"]}}],"collection":[{"href":"https:\/\/pocenispletnestrani.si\/thermostar\/wp-json\/wp\/v2\/pages"}],"about":[{"href":"https:\/\/pocenispletnestrani.si\/thermostar\/wp-json\/wp\/v2\/types\/page"}],"author":[{"embeddable":true,"href":"https:\/\/pocenispletnestrani.si\/thermostar\/wp-json\/wp\/v2\/users\/1"}],"replies":[{"embeddable":true,"href":"https:\/\/pocenispletnestrani.si\/thermostar\/wp-json\/wp\/v2\/comments?post=382"}],"version-history":[{"count":20,"href":"https:\/\/pocenispletnestrani.si\/thermostar\/wp-json\/wp\/v2\/pages\/382\/revisions"}],"predecessor-version":[{"id":713,"href":"https:\/\/pocenispletnestrani.si\/thermostar\/wp-json\/wp\/v2\/pages\/382\/revisions\/713"}],"wp:attachment":[{"href":"https:\/\/pocenispletnestrani.si\/thermostar\/wp-json\/wp\/v2\/media?parent=382"}],"curies":[{"name":"wp","href":"https:\/\/api.w.org\/{rel}","templated":true}]}}